b4c
In base 13, what is 3 - -10673?
10676
In base 13, what is 1c6 + -9b?
128
In base 15, what is -3 - -2ae9?
2ae6
In base 7, what is -11 + -362160?
-362201
In base 2, what is -1010000000011 + -1111011?
-1010001111110
In base 8, what is 13165367 - -4?
13165373
In base 8, what is -15 + -1635?
-1652
In base 7, what is 4135 - 101?
4034
In base 4, what is 20132 + -1?
20131
In base 3, what is -2 - -102221102112?
102221102110
In base 5, what is -111 - -42103?
41442
In base 15, what is -82d - 5cd?
-e0b
In base 8, what is -30616 + 117?
-30477
In base 8, what is -51 - 1470?
-1541
In base 8, what is 65 - -10665?
10752
In base 16, what is 54cc + 33?
54ff
In base 10, what is 296 - -56?
352
In base 3, what is -10200 + 121201?
111001
In base 8, what is -112 + -270?
-402
In base 7, what is 410612 + -5?
410604
In base 2, what is -10011101001010110 + 1?
-10011101001010101
In base 15, what is -3b9 - -cb?
-2dd
In base 13, what is 463a4 - -4?
463a8
In base 13, what is -1aa + -598?
-775
In base 2, what is 11 + -100010110010110000?
-100010110010101101
In base 10, what is 2208339 - -2?
2208341
In base 7, what is 32610 + -130?
32450
In base 6, what is 312140524 + -4?
312140520
In base 6, what is -12 + -43543?
-43555
In base 15, what is -1a - 12897?
-128b2
In base 14, what is -d + -35a63?
-35a72
In base 12, what is -115023 + 1?
-115022
In base 3, what is -1020 - 2022211212?
-2022220002
In base 2, what is -1 - -1110001010101?
1110001010100
In base 16, what is -4 + 369c?
3698
In base 2, what is 10110110 + -111001100011011?
-111001001100101
In base 15, what is 10cbb - -e?
10cca
In base 11, what is -131 + 22370?
2223a
In base 5, what is 1 - -2334444?
2340000
In base 15, what is a + 1b1c7?
1b1d2
In base 13, what is 3a06 + -1?
3a05
In base 10, what is 3053 - 13?
3040
In base 15, what is -3 + 1a694?
1a691
In base 12, what is -17937 - -20?
-17917
In base 2, what is -11110100 + 10110?
-11011110
In base 4, what is 1100 - -33032?
100132
In base 13, what is 1ab - 1?
1aa
In base 13, what is -5c2 - -13?
-5ac
In base 10, what is -3520 + 3?
-3517
In base 12, what is 1 + 518839?
51883a
In base 7, what is 306 + -324?
-15
In base 15, what is -178 - 10d?
-286
In base 7, what is -163 - -4231?
4035
In base 7, what is -1 + -55620?
-55621
In base 8, what is 1270 + -27?
1241
In base 12, what is -1 + 281b?
281a
In base 12, what is -16 + 40a?
3b4
In base 12, what is -6a1 - -3a?
-663
In base 13, what is 3 - -8c2?
8c5
In base 6, what is 35 - -1522301?
1522340
In base 11, what is -31a8 + 18?
-3190
In base 16, what is 38514 + 5?
38519
In base 4, what is -2 + -323133002?
-323133010
In base 9, what is -37746 + 0?
-37746
In base 10, what is -1430 + 73?
-1357
In base 5, what is -12 - -10032444?
10032432
In base 14, what is 235952 + -4?
23594c
In base 6, what is 4 - -4133154?
4133202
In base 11, what is -145 + 821?
687
In base 6, what is 5125501 + -5?
5125452
In base 2, what is 1 - -100110010111111000?
100110010111111001
In base 10, what is 46 - -276?
322
In base 12, what is -2320 - 13?
-2333
In base 7, what is 131203 - 6?
131164
In base 14, what is -917 - -2d?
-8c8
In base 16, what is -6493 - 1?
-6494
In base 13, what is 35 - 1b?
17
In base 11, what is 96794 - -17?
96800
In base 15, what is bd8 - 22?
bb6
In base 3, what is 20 - 11122202?
-11122112
In base 10, what is -1 + 1361?
1360
In base 9, what is -6 + 11457?
11451
In base 8, what is -43 - -1056?
1013
In base 2, what is 0 - -100101110011110?
100101110011110
In base 16, what is 4 + -e292?
-e28e
In base 2, what is -1000000011 - 1110?
-1000010001
In base 9, what is 8844 + -46?
8787
In base 10, what is -35399 + 4?
-35395
In base 15, what is -1737 - -11d?
-1619
In base 4, what is 1 - 20032233?
-20032232
In base 4, what is -1233012 + -3?
-1233021
In base 4, what is 322 - 210220?
-203232
In base 14, what is ac - -2d0?
39c
In base 3, what is -2102110122 + 10?
-2102110112
In base 13, what is 40 + 587?
5c7
In base 10, what is 2 - -16049?
16051
In base 4, what is -12 + 1013020?
1013002
In base 11, what is 2a62 - 603?
245a
In base 15, what is -17 - -400?
3d8
In base 8, what is -153051 - 5?
-153056
In base 2, what is 1111000001011 + 1111?
1111000011010
In base 6, what is 22352 - -35?
22431
In base 10, what is 1 + -132635?
-132634
In base 3, what is -10 - 10221120002221?
-10221120010001
In base 2, what is 1101000 - -10111000?
100100000
In base 7, what is 540115 - -4?
540122
In base 11, what is -3 + a681?
a679
In base 13, what is 4840 + b?
484b
In base 2, what is 1111011 + -1110110?
101
In base 11, what is 22 + -5a9?
-587
In base 16, what is 2f6b - 5?
2f66
In base 7, what is 46 - -15013?
15062
In base 2, what is 1000111 + -110101110000?
-110100101001
In base 8, what is 1 + -771420?
-771417
In base 8, what is 1 - 143775?
-143774
In base 16, what is 376 - -1b68?
1ede
In base 14, what is 0 - -2aba6?
2aba6
In base 14, what is -4 + 4c255?
4c251
In base 3, what is 201000 - 1010?
122220
In base 15, what is -62e9 - 15?
-630e
In base 8, what is 2223 - 3?
2220
In base 5, what is -12 + 1411204?
1411142
In base 6, what is 3 + -3555440?
-3555433
In base 15, what is 2 + -9063?
-9061
In base 13, what is 0 + -47a5b?
-47a5b
In base 5, what is -1 + 11312031?
11312030
In base 11, what is 432 - -50?
482
In base 8, what is 14206452 - 0?
14206452
In base 16, what is -1d + -166?
-183
In base 12, what is -1058 - 46b?
-1507
In base 14, what is 2 - -4c5d?
4c61
In base 8, what is 4532 - 5?
4525
In base 6, what is 224131 - 4?
224123
In base 3, what is 2122 + 11212?
21111
In base 9, what is 26261 - 0?
26261
In base 15, what is 1 + -22b65?
-22b64
In base 13, what is -294 - -2cc?
38
In base 11, what is 22200 + -1?
221aa
In base 16, what is 23 + -d476?
-d453
In base 14, what is -29 + -248?
-273
In base 12, what is -420 - -3032?
2812
In base 10, what is 1316 + 21?
1337
In base 10, what is -3 + -9293?
-9296
In base 9, what is -35 - 4653?
-4688
In base 14, what is 0 + 3d7c2?
3d7c2
In base 10, what is -13488 - -2?
-13486
In base 11, what is -1 + 1376a5?
1376a4
In base 14, what is -16cab - -23?
-16c88
In base 6, what is -3 - -4400522?
4400515
In base 9, what is -11043 - 13?
-11056
In base 14, what is -7773 - 51?
-77c4
In base 9, what is 27 + 61115?
61143
In base 2, what is -100010101111111101 + 10?
-100010101111111011
In base 12, what is -20 - 387a5?
-38805
In base 7, what is 2231 - -10264?
12525
In base 11, what is 8900 - -45?
8945
In base 14, what is 1 - ac88?
-ac87
In base 16, what is -e - -4d48?
4d3a
In base 14, what is 17700 - 16?
176c8
In base 5, what is 1022 + -2434?
-1412
In base 3, what is -1200 - -2111?
211
In base 5, what is 1320114 - -4?
1320123
In base 15, what is -1c6 + -aa0?
-c76
In base 4, what is -12020121 - 1?
-12020122
In base 8, what is -2 - -101732?
101730
In base 8, what is -111 + -14435?
-14546
In base 11, what is -104 + 11?
-a3
In base 9, what is -37 - -338?
301
In base 5, what is -10 + -133014?
-133024
In base 14, what is 1b3791 - 1?
1b3790
In base 2, what is 110 - 111011011111?
-111011011001
In base 10, what is -98 - -22187?
22089
In base 3, what is 1011011 - 201111?
102200
In base 2, what is -10 + 1011001010010100101?
1011001010010100011
In base 7, what is 4 - -2641220?
2641224
In base 7, what is -313 + 2136?
1523
In base 16, what is -814b - -4?
-8147
In base 15, what is da + a2?
18c
In base 15, what is 1e + -2814?
-27e5
In base 3, what is 122 - -101121?
102020
In base 5, what is 32331 + 314?
33200
In base 13, what is 986 + -4?
982
In base 9, what is 157 + -1158?
-1001
In base 2, what is -1110 - 110011001100?
-110011011010
In base 16, what is 4 + -1838a?
-18386
In base 8, what is 10 - -2221?
2231
In base 16, what is -105a - 3?
-105d
In base 5, what is 1042302 - 21?
1042231
In base 8, what is -10442 + -1656?
-12320
In base 16, what is 1349c + 3?
1349f
In base 11, what is 0 - -6272?
6272
In base 4, what is 1232222 + -2202?
1230020
In base 15, what is 4 - 116b5?
-116b1
In base 5, what is 2 - -3041213?
3041220
In base 14, what is 4 + 6067?
606b
In base 2, what is 10011 - -10001100101101?
10001101000000
In base 14, what is 2a3d4 + 0?
2a3d4
In base 2, what is 10000101 - -100010100010?
100100100111
In base 8, what is 5 - -1622?
1627
In base 2, what is 10100100111010 - 1101010?
10100011010000
In base 15, what is -880c + 3?
-8809
In base 7, what is 20 + 151644?
151664
In base 4